tors of b?
17, 73
Suppose 2*d + 2*a = 2980, 2*a + 4488 = 3*d - a. Suppose -14*f = -1713 - d. List the prime factors of f.
229
Let c = 29255 - 9760. List the prime factors of c.
5, 7, 557
Suppose 17*f - 16 = 21*f. Let y(g) = 11*g + 7. Let s be y(f). Let b = 181 + s. List the prime factors of b.
2, 3
What are the prime factors of (229664/(-5))/(-8)*25/10?
2, 7177
Suppose 0*j + 3*j = 3*r + 3, -19 = -4*j + r. Suppose -h - s - 73 + 80 = 0, h + 13 = 4*s. What are the prime factors of (h*(-380)/j)/((-2)/3)?
3, 5, 19
Let g(v) = 6*v**2 + 26*v + 8. Let w be g(-12). Suppose -b + 835 = -w. Suppose b - 475 = 4*t. List the prime factors of t.
2, 5, 23
Suppose 35*x - 92*x + 57 = 0. What are the prime factors of x*2 - 1731*(-7 - -6)?
1733
Let g(p) = 1440 + 5*p - 1418 - 17*p - 23*p. What are the prime factors of g(-10)?
2, 3, 31
Suppose -32 = -0*c - 3*c + 4*l, -4*l = 20. Suppose 308*s + 86 = 3166. Suppose -c*v - v = s, -v = o - 124. What are the prime factors of o?
2, 3, 7
Let a = -172 - -114. Let d = a + 65. Suppose -d*g - 8*g = -3450. What are the prime factors of g?
2, 5, 23
Suppose 5*w - 2*k = 54469, 28*w + 21784 = 30*w + k. What are the prime factors of w?
3, 3631
Suppose 2*y - 3 = 7. Suppose -17 + y = -4*t. List the prime factors of 21 + -2 + t + (3 - 4).
3, 7
Suppose 0*b - 4*z - 1272 = 2*b, -3*z - 3187 = 5*b. Let s = b + 1007. What are the prime factors of s?
3, 41
Let r(m) = 7*m**2 + 12*m - 13. Let u be r(-6). Suppose -1661 = -5*w - 2*l + 5*l, 5*l - 1645 = -5*w. Let c = w - u. What are the prime factors of c?
2, 41
Let v(r) = 6*r**2 - 4*r. Suppose -h = 4*o - 2*o - 6, 4*o = 2*h - 4. Let f be ((-4)/o)/(2/((-8)/(-4))). What are the prime factors of v(f)?
2, 7
Let h = 106 - -9. Let n(c) = -3 - h*c - 2 + 132*c. List the prime factors of n(6).
97
Let n(t) = 5094*t**2 + 10*t + 3. What are the prime factors of n(2)?
20399
Let m be 66/10 - (-102)/(-170). Suppose -11*b = -m*b - 465. Let n = -65 + b. List the prime factors of n.
2, 7
Let m(l) = -9*l**3 - 15*l**2 + 15*l + 32. Let f(z) = -16*z**3 - 30*z**2 + 30*z + 63. Let i(t) = -4*f(t) + 7*m(t). List the prime factors of i(-13).
5, 101
Let l(w) be the third derivative of 13*w**6/720 - w**5/60 - w**4/8 - 18*w**2. Let f(o) be the second derivative of l(o). What are the prime factors of f(9)?
5, 23
Let r(f) = 6*f**3 + 2*f**2 + 3*f + 1. Let a be r(-2). Let i = 49 + a. Suppose -9*m + 175 = 5*k - i*m, -29 = -k - 3*m. What are the prime factors of k?
2, 19
What are the prime factors of (-8)/96*6 + 186106/4?
2, 43, 541
Let a be 55 - -514 - -1*4/(-1). Let v = 1137 - a. What are the prime factors of v?
2, 11, 13
Suppose 31*b - 72 = -5*b. Suppose h - 1440 = -9*g + 7*g, 0 = -4*h + b*g + 5770. List the prime factors of h.
2, 7, 103
Let t = 11560 - -1194. What are the prime factors of t?
2, 7, 911
Suppose 5*x = 2*m + 48264, 5*x - 350*m = -347*m + 48261. List the prime factors of x.
2, 3, 1609
Let d = -18425 + 50186. List the prime factors of d.
3, 3529
Let u(x) = -x**3 - 9*x**2 - x - 39. Suppose -11*r = -9*r + 24. List the prime factors of u(r).
3, 5
Let w = 6632 - 4106. What are the prime factors of w?
2, 3, 421
Let f(r) = 3*r**2 + 18*r - 35. Suppose -3*g = -2*g + q + 18, 2*q - 90 = 4*g. What are the prime factors of f(g)?
2, 5, 7, 13
Suppose 5*j - 12 = -7. Suppose -j = -6*s + 17. Suppose g + s*q - 165 = 0, -4*g + 345 = -2*g + q. What are the prime factors of g?
2, 3, 29
Suppose 5045 = 14*j - 9*j. What are the prime factors of j?
1009
Suppose -227 + 252 = 5*u. Suppose -a + 4 + 1 = 0, -3*v - 4*a + 32 = 0. Suppose 414 = u*m - 3*q, -128 = -v*m + q + 206. List the prime factors of m.
2, 3, 7
Suppose d = -4*u + 54, 3 = u - 8*d + 3*d. Let f(c) = -2569088*c**2 + 2569090*c**2 - 1 + 34 - 8*c. What are the prime factors of f(u)?
3, 89
Let m(i) = i**2 - 4*i - 28. Let j be m(-6). What are the prime factors of (-3)/(-8) - (42228/j)/(-17)?
2, 3, 13
Let h be (6 - (-24)/(-4)) + 5. Suppose 3*o + 3130 = h*r + 8*o, 5*r - 4*o - 3175 = 0. List the prime factors of r.
631
Let b = -6 + 6. Suppose 65 = -5*o + 5*s, -5*o + 2*s = -o + 46. What are the prime factors of (b - -1)/(o/6 + 2)?
3
Let h(k) = 3*k + 9. Let q be h(0). Let s be (0 - 1)*11*q. What are the prime factors of (s - -97)/(0 - (-2)/(-9))?
3
Suppose -96885*j + 96857*j + 1449840 = 0. What are the prime factors of j?
2, 3, 5, 863
Let s(j) = 8*j + 390. Let v = -95 - -101. What are the prime factors of s(v)?
2, 3, 73
Let b = 6 - 8. Let q(k) = 9*k**2 + 11*k - 3. Let d(p) = -10*p**2 - 12*p + 5. Let n(g) = 4*d(g) + 5*q(g). What are the prime factors of n(b)?
11
Let y(s) = -s**2 + 2*s - 4. Let u be y(2). Let d be (u/5)/((-14)/6440). Let h = d - 258. What are the prime factors of h?
2, 5, 11
Let c = 23099 + -4151. Suppose -c - 8002 = -35*v. List the prime factors of v.
2, 5, 7, 11
Let r(h) be the second derivative of -3*h**5/20 - h**4/12 + h**3/3 - 27*h. Let i be r(1). Let k(y) = -48*y - 5. What are the prime factors of k(i)?
7, 13
Let l = 98835 + -23428. What are the prime factors of l?
75407
Let c(z) = 81*z + 327. Let b be c(-5). Suppose 4*n - 4*r = -28 - 4, 2*n + 2*r - 4 = 0. List the prime factors of n - ((-2)/3)/((-1)/b).
7
Let g(k) = k**2 - 19*k + 3. Let d be g(19). List the prime factors of (14679/84)/(d*(-3)/(-12)).
233
Let b be -1 + 115 + 22 + -28. Suppose -181*q - b = -183*q. What are the prime factors of q?
2, 3
Suppose 17983 = -5*v + 139068. List the prime factors of v.
61, 397
Let y = 3628 - 1249. Suppose 14*i - y = 11*i. Suppose 364 = 13*c - i. List the prime factors of c.
89
Suppose -3*j = 5*o - 463, 0 = -2*j + 6*j + 2*o - 622. List the prime factors of j*2 + 0/3 + 1.
313
Let n(r) = -4*r**2 + 12*r + 12. Let o be n(4). What are the prime factors of (-2 - 402/o)/((-4)/(-32))?
2, 197
Let v = 162 - 172. Let b(h) = 887*h**2 - h. Let x be b(1). What are the prime factors of v/35 - x/(-14)?
3, 7
Suppose 5464 = 3*k + 4*z, -3*z + 7276 = 2*k + 2*k. Suppose 3*o - 5*j - 1356 = -0*o, -4*j = -4*o + k. What are the prime factors of o?
457
Let w(r) = 3 - 26 + 6 + 11 + 2*r. Let j be (-18)/(-5) + (-10)/(-25). What are the prime factors of w(j)?
2
Suppose 0 = -305*r + 17831375 - 2757665. What are the prime factors of r?
2, 3, 8237
Let r(n) = -2*n**3 - 41*n**2 - 24*n + 55. What are the prime factors of r(-20)?
3, 5
Suppose -46*c - 14671 = 1347 - 3874. Let t(o) = 74*o - 7. Let q be t(-6). Let j = c - q. List the prime factors of j.
11, 17
Let x be (-3)/((-2)/(40/12)). Suppose -5*p = -10, 3*p - p + 506 = x*s. Suppose -3*q = 5*r - 23 - 33, -4*r + s = 5*q. List the prime factors of q.
2, 11
Suppose 0 = -0*t - 12*t + 2184. Let x = 334 + t. What are the prime factors of x?
2, 3, 43
Suppose -5*r + 44930 - 329067 = -4*v, -3*v + 213059 = 5*r. What are the prime factors of v?
2, 3, 1973
Let g(b) = -b**2 + b + 35. Let y be g(-4). Suppose 0 = -6*t + 9*t. Suppose t*h = -y*h + 2340. What are the prime factors of h?
2, 3, 13
Let t = 8768 + 153. List the prime factors of t.
11, 811
Suppose 5*i = 0, -5*b - 4*i - 25 = -3*i. Let m(t) = -t**3 - 4*t**2 - t + 23. List the prime factors of m(b).
53
Suppose -f = -4*d + 15, -2*d + 20 = f + d. Suppose f*p - 15 = -0. Suppose k = g - p*k - 114, -4*g - 2*k = -420. What are the prime factors of g?
2, 53
Suppose -3*x - 3*p = -12, x = 6*x - 4*p - 2. Suppose -884 = -2*r - x*r. Suppose -2*y + 6*y + 5*q = r, 3*y - 127 = 4*q. List the prime factors of y.
7
Let f = 2496 + -1698. List the prime factors of f.
2, 3, 7, 19
Let k(y) = -31*y**2 + 21*y + 6. Let d be k(6). Let w = d - -1651. List the prime factors of w.
23, 29
Let j(b) = -b**3 - 10*b**2 + 9*b + 26. Let g(r) = -2*r**3 - 10*r**2 + 9*r + 25. Let x(f) = -2*g(f) + 3*j(f). List the prime factors of x(12).
2, 53
Suppose 3 = -f - 2*r, 0 = 13*f - 11*f - 4*r + 6. List the prime factors of -133*3*f/63.
19
Let i(t) = -6*t - 12. Let g be i(-4). Suppose -g*v - 1472 = -20*v. List the prime factors of v.
2, 23
Let m = -104 - -108. Suppose m*s = -3*k + 32, 3*s - 49 = -k + 5*k. Suppose s*g = 299 - 35. List the prime factors of g.
2, 3
Let q(c) be the third derivative of -4*c**4 + 11*c**3/6 - 25*c**2. Let v be q(-9). Suppose -20*n = -v - 45. List the prime factors of n.
2, 23
Suppose -o + 387 = l, -o - 9*l + 385 = -6*l. Let y = 646 - o. List the prime factors of y.
2, 3, 43
Let q = -17 + 39. Suppose 3*x - h + 3 = -13, 5*h + q = -2*x. What are t